erivative of -17*h**4/4 + 2*h**3/3 + h**2. Let q(i) = i**3 - 33*i**2 - 75*i + 170. Let x be q(35). Is n(x) a composite number?
True
Suppose -52833 = -3*u - 5*g, -g - 7133 = -u + 10470. Is u prime?
False
Let t be 9320/8 - (-2 + 0/1). Suppose 0 = a - 85 - t. Is 4 - 8 - (0 - (-1 + a)) a composite number?
True
Suppose 122*d - 33 = 125*d. Let t(i) = 12*i - 16. Let p be t(d). Is (1 - 6)*p/20*3 a prime number?
False
Suppose 16*j + 25 = 21*j. Suppose 0 = j*g - f - 82, 3*f - 40 = 5*g - 116. Suppose g*k = 6*k + 517. Is k composite?
False
Let w be ((-1290)/(-12) - -1)*-12. Let m = 2216 + w. Is m a prime number?
False
Let o(c) = 9*c**2 + 56*c + 246. Is o(-37) composite?
True
Suppose 2*b + 5*v = 82 + 7, 5*b - 208 = 2*v. Suppose 5*i = 893 + b. Suppose i = h - 106. Is h prime?
True
Is (-5)/(-10)*-15729970*(-1)/5 a composite number?
False
Suppose 8*v - 271850 = -10922. Let k(s) = s**3 - 5*s**2 + s - 5. Let o be k(5). Suppose -2*r = -2*n + 5*n - 32615, -3*n - 3*r + v = o. Is n composite?
True
Let r(h) = 4673*h**2 + 178*h - 5. Is r(-12) composite?
True
Let i(n) = 654*n**2 + n + 1. Let t be i(2). Suppose -3*l + 3270 = 2*l - 2*d, -4*l + t = -d. Let j = 1197 - l. Is j a composite number?
False
Let b = -174 + 174. Suppose 5*n - 27510 = d, 5*n + b*d - 27525 = 4*d. Is n a prime number?
True
Let i be 1 + ((-7789)/(-13) - 16/104). Suppose -g - 6 = -3*g. Suppose -g*a - i = -1557. Is a composite?
True
Suppose -3*w + 33 - 45 = 0. Is w/(-8)*6 - -20884 a prime number?
True
Suppose -3*s + s = 4*a - 2336, 0 = -6*a - 4*s + 3506. Is a a composite number?
True
Suppose 2*u + 20 = 6*u. Suppose -x - 3*d + 201 = u, 0 = -5*d + 10. Let q = -123 + x. Is q a prime number?
True
Let o be 1211430/75 + 4/(-10). Suppose -o = w - 5*w. Suppose -t + w = t. Is t prime?
False
Let i(r) = 139*r**2 + 36*r + 1763. Is i(-54) composite?
False
Let f(w) = -6*w + 31002. Let t be f(0). Suppose -43*j = -49*j + t. Is j a composite number?
False
Suppose 6*x = x - 5*y + 5, 4 = 4*y. Suppose -3*k + 4*j = -x*k - 6689, -2*j - 6685 = -3*k. Is k a composite number?
True
Suppose -19 = 8*i + 509. Let p be (-7 - i/12)*-4*2. Is (p/(-18))/(2/(-2013)) a composite number?
True
Suppose 1536314 = 16*l - 943499 + 847829. Is l a prime number?
True
Is ((-44)/(-33))/((-8)/2850222)*-1 a composite number?
False
Let i be 6*4/30*(-25)/10. Let g(z) = 314*z**2 + 7*z + 7. Is g(i) a composite number?
False
Let h(i) = 20530*i**2 + 71*i + 335. Is h(-6) a composite number?
False
Suppose 3114*n - 3109*n = 895. Is n composite?
False
Suppose 0 = 21*s + 8*s - 3*s - 11746046. Is s a prime number?
True
Is 0 + (12/14 - (-5978805)/147) a prime number?
False
Let n(t) = 7*t**2 + 46*t + 41. Let u be n(-18). Let s = u - 730. Is s prime?
True
Suppose -f + 836 = f. Let n be (2/5 - 72/30) + f. Let x = n - 285. Is x prime?
True
Let u(c) = -314*c + 12. Let l be u(-3). Suppose 9*f - l = -72. Suppose -345 - f = -3*x - 2*j, 3*j + 304 = 2*x. Is x a prime number?
True
Let o(v) = 52*v**3 - v**2 + v - 1. Let f be o(1). Let a(i) = 21*i - 5 - f*i - 70*i - 8. Is a(-8) a prime number?
True
Let k = -322245 + 834550. Is k prime?
False
Let a be (8/(-20))/(1/1915). Let g be (-2314)/(-4)*(9/(-3) - -5). Let q = a + g. Is q a composite number?
True
Let a be 2/(-6)*(-9 + 0). Let i be -6 - 16/((-32)/4270). Suppose -2*w - i = -a*w. Is w composite?
False
Let y be ((-4)/12)/(-5*4/(-300)). Is (-3)/(-4 - y - 416/413) composite?
True
Is 26127020/55 + (-66)/(-242) prime?
True
Let t(l) = -73*l**2 - 13*l + 9. Let c(f) = f**2 + f - 1. Let g be ((-1)/3)/((-12)/(-216)). Let p(i) = g*c(i) - t(i). Is p(4) a prime number?
True
Let j = 123 - 159. Is (-1681)/(-2) + j/24 prime?
True
Let j = 65291 + 30806. Is j a prime number?
True
Let z(s) = 2*s**2 - 16*s - 9. Let w be z(9). Suppose 8*x = w*x. Suppose x*k - 3*k + 3027 = 0. Is k composite?
False
Let s be 12/112*-4 - 264/21. Let l(c) = 13*c**2 - 20*c - 20. Is l(s) composite?
False
Let m(l) = -l**3 + 5*l**2 + 18*l - 13. Let j be m(7). Let w(b) = -222*b - 47. Let d(a) = 3773*a + 798. Let g(h) = -2*d(h) - 35*w(h). Is g(j) a prime number?
False
Is 6222496/24 - 1/(-3) a prime number?
True
Let o be ((-133)/(-21) - 6)*(-6)/(-2). Is 2348 + 22 + o*-1 a composite number?
True
Is (-301160)/(-25) - ((-111)/(-15) - 8) a prime number?
False
Let c = 255 + -251. Is ((296/c)/2)/((-5)/(-55)) a composite number?
True
Let a = 13 - 5. Suppose 0 = -4*c - v + 3, -3*c + a = -2*v - 8. Suppose -c*f - 3*z + 474 = -2*z, f - 2*z - 227 = 0. Is f a prime number?
False
Let s(d) = 3*d**2 - 3*d + 1. Let t be s(8). Suppose -v + 10208 = m, -3*v + t - 20600 = -2*m. Is m composite?
False
Let s = 2744745 - 942710. Is s a prime number?
False
Let r(y) = -9*y**2 + 43*y - 15. Let g(d) = -3*d**2 - d - 1. Let h(s) = -6*g(s) + r(s). Is h(-11) a prime number?
True
Let s(y) be the second derivative of -515*y**3/6 - 313*y**2/2 + y + 113. Is s(-6) composite?
False
Let y be ((-18)/12 - 2)*5000/(-14). Let a = -949 + y. Is a prime?
False
Suppose -6408 - 1312 = -5*x. Suppose -42*q = -112135 - 22055. Suppose -x - q = -l. Is l composite?
True
Is (-1)/2 + (-20219)/2*(-37 + 24) prime?
False
Let v = -477 - 974. Let i(m) = 43*m**2 - 9*m + 124. Let a be i(7). Let h = v + a. Is h a prime number?
False
Suppose -3*y - 8 = -23. Suppose -x = -3*q - 10, -y*q = 9 + 1. Suppose -188 = -0*o - x*o. Is o composite?
False
Let v(b) = -2*b**2 - 21*b + 14. Let h be v(-11). Suppose t + 2963 = 3*t + h*i, -2*i = 4*t - 5938. Is t composite?
True
Suppose 296*o - 292*o - 5498604 = 4*h, -3*o = -4*h - 4123949. Is o composite?
True
Suppose -3*r = c - 237188, -226*r + 3*c = -229*r + 237198. Is r composite?
True
Is -37 + 31 + (14975 - -1) + -1 a composite number?
False
Suppose -w - 4*f = -4, 0*w - 4*w = 5*f - 27. Suppose w*h = -h + 16515. Is h prime?
False
Let f(q) = q**3 + 6*q**2 + 12*q + 9. Let p be f(-3). Suppose p*i + 5*i - 20357 = -3*u, 27100 = 4*u - 4*i. Is u composite?
False
Suppose 5*j = -5*r - 4730, j + 1090 - 144 = r. Let v = 315 - j. Is v composite?
True
Let i = 43 - 41. Suppose 5*t = 4*t - i*t. Suppose t = -2*u + 226 + 668. Is u composite?
True
Suppose 0 = 17*p + 36 - 2. Is p - ((7 - 13) + -18513) prime?
True
Let d be 2 - 2 - (-2)/(-1). Let t(u) = -27*u**2 + 11*u + 133. Let l(x) = -80*x**2 + 32*x + 378. Let i(n) = -6*l(n) + 17*t(n). Is i(d) a composite number?
True
Let q(g) be the second derivative of 10*g**4/3 - 5*g**3/3 - 37*g**2/2 + 4*g - 4. Is q(-7) a composite number?
False
Let s = 4663 + 19948. Is s a prime number?
True
Let f(j) = 80*j - 23. Let u = -32 + 34. Suppose y = 5*z - 31, 3*z = u*y + 3*y + 1. Is f(z) prime?
False
Suppose -z + 9805 = -4*g, -3*z = 10*g - 11*g - 29393. Is z composite?
True
Let m(r) = 21581*r - 1552. Is m(13) composite?
False
Is (3242441/219)/(0 - -1)*3 a prime number?
True
Suppose 5*f + 2*h - 6*h = 70, -5 = h. Suppose -f*o - 2914 = -12*o. Is o composite?
True
Let q = 8574 - 3139. Suppose -9*t + q = -4*t. Is t composite?
False
Suppose 2*p + 4*v = 3*v + 8564, -12847 = -3*p - v. Is p prime?
True
Let p(j) = -2 + 1808*j + 15 - 691*j - 1 - 9. Is p(4) composite?
True
Suppose 0 = -5*u - f + 314964, -4*u - 29797 + 281770 = -f. Suppose i - u = -6*i. Is i prime?
True
Suppose 16*v - 33503 = 65985. Is v composite?
True
Suppose 0 = 39*m + 355175 - 1102844. Is m a composite number?
True
Let i(o) be the second derivative of 53*o**4/12 + 16*o**2 + o + 35. Is i(5) composite?
True
Is (-1882958)/(-21)*12/8 a prime number?
False
Let w = -79 + 121. Suppose 5*c = 3*v - 6*v + w, -4*c = v - 28. Suppose 560 = c*y - 946. Is y a prime number?
True
Let c(d) = d**2 - 3*d - 1. Let t be c(4). Suppose -4*q = -t*j - 10925, -q - 2*j = 1199 - 3944. Is q prime?
False
Let h(b) = -6896*b - 2141. Is h(-28) composite?
True
Let j = 24 + -24. Let z be -2*(j - 2*(-1)/4). Is (-6 - z)/5*-353 prime?
True
Suppose 0 = -6*v - 4876 + 14458. Let m = 2484 - v. Is m a prime number?
True
Let k be (-19)/((-95)/(-60))*2/(-8). Suppose m + 6 = 3*u - 5, 3*u - k*m - 15 = 0. Suppose 0*a - u*a - 3*p + 639 = 0, 4*a - 2*p = 852. Is a prime?
False
Suppose 0 = 5*a + 3*t - 415864, -4*a + t - 170660 = -503375. Is a composite?
False
Suppose -208 + 1297 = -3*d. Let x = d - -898. Is x prime?
False
Suppose 478*k = 470*k + 32. Suppose 2*q + 5*b - 7313 = 0, -5*q + k*b + 13313 = -4986. Is q prime?
True
Let h(r) = -14 + 184*r + 4 - 807*r. Let t(l) = 1245*l + 19.